{"id":9,"date":"2025-07-30T08:44:28","date_gmt":"2025-07-30T08:44:28","guid":{"rendered":"https:\/\/www.ps1nadgoplem.pl\/?page_id=9"},"modified":"2025-07-30T08:44:28","modified_gmt":"2025-07-30T08:44:28","slug":"o-blogu","status":"publish","type":"page","link":"https:\/\/ps1nadgoplem.pl\/?page_id=9","title":{"rendered":"O blogu"},"content":{"rendered":"\n<p><em>Nowoczesne rolnictwo to po\u0142\u0105czenie tradycji i innowacji. <strong>AgroPrzestrze\u0144<\/strong> powsta\u0142a z potrzeby dzielenia si\u0119 wiedz\u0105, inspirowania i wspierania gospodarzy w codziennej pracy. To miejsce dla ka\u017cdego, kto chce dowiedzie\u0107 si\u0119 wi\u0119cej o tym, jak technologia i \u015bwiadomo\u015b\u0107 ekologiczna mog\u0105 zmienia\u0107 oblicze rolnictwa.<br>Na blogu znajdziesz przyst\u0119pne analizy, opisy nowoczesnych rozwi\u0105za\u0144 oraz refleksje nad przysz\u0142o\u015bci\u0105 \u017cywno\u015bci i polskiej wsi.<\/em><\/p>\n\n\n\n<p><strong>Co znajdziesz na blogu:<\/strong><br>\ud83c\udf31 Inspiruj\u0105ce teksty o nowoczesnym rolnictwie<br>\ud83d\ude9c Konkretne przyk\u0142ady narz\u0119dzi i technologii<br>\ud83c\udf0d Tematy zwi\u0105zane z ochron\u0105 \u015brodowiska<br>\ud83d\udcca Wiedz\u0119 podan\u0105 w zrozumia\u0142y spos\u00f3b<\/p>\n","protected":false},"excerpt":{"rendered":"<p>Nowoczesne rolnictwo to po\u0142\u0105czenie tradycji i innowacji. AgroPrzestrze\u0144 powsta\u0142a z potrzeby dzielenia si\u0119 wiedz\u0105, inspirowania i wspierania gospodarzy w codziennej pracy. To miejsce dla ka\u017cdego, kto chce dowiedzie\u0107 si\u0119 wi\u0119cej o tym, jak technologia i \u015bwiadomo\u015b\u0107 ekologiczna mog\u0105 zmienia\u0107 oblicze rolnictwa.Na blogu znajdziesz przyst\u0119pne analizy, opisy nowoczesnych rozwi\u0105za\u0144 oraz refleksje nad przysz\u0142o\u015bci\u0105 \u017cywno\u015bci i polskiej&hellip;<\/p>\n<p><a class=\"more-link\" href=\"https:\/\/ps1nadgoplem.pl\/?page_id=9\" title=\"Continue reading &lsquo;O blogu&rsquo;\">Continue reading <span class=\"meta-nav\">&rarr;<\/span><\/a><\/p>\n","protected":false},"author":1,"featured_media":0,"parent":0,"menu_order":0,"comment_status":"closed","ping_status":"closed","template":"","meta":{"footnotes":""},"class_list":["post-9","page","type-page","status-publish","hentry"],"_links":{"self":[{"href":"https:\/\/ps1nadgoplem.pl\/index.php?rest_route=\/wp\/v2\/pages\/9","targetHints":{"allow":["GET"]}}],"collection":[{"href":"https:\/\/ps1nadgoplem.pl\/index.php?rest_route=\/wp\/v2\/pages"}],"about":[{"href":"https:\/\/ps1nadgoplem.pl\/index.php?rest_route=\/wp\/v2\/types\/page"}],"author":[{"embeddable":true,"href":"https:\/\/ps1nadgoplem.pl\/index.php?rest_route=\/wp\/v2\/users\/1"}],"replies":[{"embeddable":true,"href":"https:\/\/ps1nadgoplem.pl\/index.php?rest_route=%2Fwp%2Fv2%2Fcomments&post=9"}],"version-history":[{"count":0,"href":"https:\/\/ps1nadgoplem.pl\/index.php?rest_route=\/wp\/v2\/pages\/9\/revisions"}],"wp:attachment":[{"href":"https:\/\/ps1nadgoplem.pl\/index.php?rest_route=%2Fwp%2Fv2%2Fmedia&parent=9"}],"curies":[{"name":"wp","href":"https:\/\/api.w.org\/{rel}","templated":true}]}}